-89 + 5 - (1 + 15) - -18 - 22
-104
Evaluate 10 + (-366 - -371) + (2 - -4) + -2 - -1.
20
What is (-11127 - -11113) + 1 + 0 + 37?
24
What is 3 + (0 - -7) + (32 + 18 - -6)?
66
What is 74 - 90 - ((-4 - -15) + -7 - 25) - -7?
12
Evaluate (-20 - 7 - (-81 + 62)) + -37 + -2.
-47
Calculate (-5 - (-11 - 29)) + -10 + 5 + 5 + -10.
25
133 + (43 - (92 + -22))
106
Evaluate -29 + (45 + -16 - 43 - (-9 + 0) - -12).
-22
What is the value of (30 - 20) + -11 - (11 - 4 - 22)?
14
(10 - (2 - -7)) + 3 + (3 - 2) - 12
-7
Evaluate -14 - (4 - (-5 + (-2 - 0)) - (11 + -5)).
-19
What is the value of 0 + (10 - -12) + -38 + 24 - -74?
82
What is (-17 - (34 + -21)) + 8 + -13?
-35
What is (39 - 36 - (5 - (1 + -3))) + 27?
23
Calculate (-13 - -1) + -10 + 4 + (0 - -9) - -9.
0
Evaluate (20 + -35 - 6) + 138 + -20 - 11.
86
What is -173 + -95 + 112 - -106?
-50
Calculate 37 + -42 + 20 + -36.
-21
What is the value of (52 - -11) + -84 + -31?
-52
Evaluate (61 - -4) + (2629 - 2669).
25
What is 18 + (1 - 1) + 2 + -4 - 92?
-76
(14 - 11) + (-28 - -8) + -14
-31
(-21 + (1 - -7) - 12) + 15 + 27
17
Calculate 10 + -101 - -8 - (28 + -4 - 18).
-89
What is the value of 26 + -7 - 34 - -53?
38
-6 - -17 - (-3 + 3) - 24 - -59
46
What is the value of 1 + (-38 - (-3 + -6 + 19 - 8))?
-39
What is the value of -35 + -33 + 79 + (3 + -1 - (6 + -3))?
10
Calculate 1 - 111 - -127 - (1 - -57).
-41
Evaluate 10 + (22 - 1) + (-41 + -10 - -42).
22
Calculate 38 + 3 + 3 + (3 - 3) + (-12 - -4).
36
What is the value of -16 + (1 + 20 - 47) + 40?
-2
What is (-33 - (-2 + -2 + 7)) + (364 - 370)?
-42
Calculate (28 + 4 - 14) + -24 - -27.
21
-15 - ((10 - 0) + 3 + -7 - 3)
-18
(28 - 13) + 99 + 20 + -35
99
Calculate 13 - (0 + 0 + 7) - ((-4 - 29) + -76).
115
-206 + 260 - (6 - ((-2 - 4) + 25))
67
(19 - -25 - 15) + 14 + 2 + -1 + -2
42
(23 - (-15 + 4 + 23 - -2)) + 1 - 0
10
What is (-1 - 17) + (0 - (0 - -14)) + 13?
-19
(4 - -1) + (-135 + -1 - (-125 - (-111 - -8)))
-109
Evaluate 6 + 139 + -70 - 42.
33
What is the value of (-8867 - -8873) + 5 + (2 - 3)?
10
Calculate (8 - 2) + 24 - (-25 - (28 - 63)).
20
-2 + -22 + -5 + 24 + (21 - 35)
-19
Calculate (-31 - -111) + -160 - (-20 - 3).
-57
Evaluate (-49 - -108) + -60 - (-28 + (3 - 1)).
25
Evaluate (183 - 83 - 67) + -64.
-31
What is the value of -79 + 40 + (-44 - -30)?
-53
Evaluate -8 + 5 + 17 + -3 + -5 - (-4 + 12).
-2
What is the value of -2 + 25 + (2 + -3 - 3) + -3 - 8?
8
Calculate 10 + -2 + -17 + 1 + (207 - 135).
64
Calculate (11 - (-2 + (-15 - -26) + 13)) + 41.
30
Calculate -6 + 6 - (-18 - (-7 + -14 - -11)).
8
Calculate 5 - (-16 - -61 - 40).
0
Evaluate 0 + 1 - (2 + 13 + (-20 - 15)).
21
Evaluate (-20 - (5 - 16)) + 10 - 1.
0
Evaluate (0 - 0) + -13 + 85 + (-126 - -75).
21
Calculate 1 + (1 - (9 + -15)) + (22 - 3).
27
2 + 5 + 334 + -313
28
Calculate ((-58 - 0) + -2 - (-108 - -106)) + (-1 - 4).
-63
Evaluate 57 + (-158 + 43 - -38).
-20
What is 1294 + -1365 + 17 + 1?
-53
What is the value of -19 + -1 + -1 + 26 + (-33 - (-5 - -5))?
-28
Calculate 183 + -178 - ((3 - 2) + -20 + 4).
20
-13 - (0 + 0 - (-54 - -18 - -34))
-15
Evaluate -1 + -5 + 1 + (9 - 0).
4
What is the value of -50 - ((14 - (3 - 3)) + 137 + -147)?
-54
What is -63 - -1 - (-133 - (133 - 290))?
-86
Evaluate -11 - ((0 - 3 - (45 - (85 + -42))) + -46).
40
What is 141 + (-167 - -62) + 6?
42
Evaluate (12 - ((-3 - -8 - 57) + 8 - -8)) + -7.
41
Calculate -40 - (-27 + -2 - (-630 + 789)).
148
What is the value of 112 + -127 - -22 - -52?
59
What is the value of (63 - 38) + -28 + 2 + (0 - -2 - 25)?
-24
What is 2 + 1028 + -1022 + 98 + -1 + -1?
104
What is the value of 3 - 3 - (6 - (-4 - (10 - 7)))?
-13
(30 - 36) + -35 + 7 + -9 - (-2 - 4)
-37
What is the value of 36 + 6 + 9 + (-6 - 6) + 2?
41
Calculate -41 - (7 + (0 - -7 - (-73 + 74)) + -5).
-49
What is the value of (29 - 20 - 14 - (-5 - (5 - -55))) + -11?
49
Calculate (52 + -44 - (0 - 9) - 8) + (-11 - -9).
7
What is the value of -33 + 4 + (-4 - 3) + -5 + -7?
-48
-54 - ((113 - 122) + 5 + -9)
-41
What is the value of -27 + 79 + 19 + 0 + -25?
46
Evaluate (2 - 4) + -62 + 25 + 22.
-17
What is the value of 17 + 15 + (-60 - 0) + 0 + -1?
-29
Evaluate (104 - 117) + 0 + (1 - -3 - -2).
-7
Evaluate -92 + 0 + (-4 - -32) + -19 + 2.
-81
-6 + 22 + (-28 - -27) + 19
34
Evaluate 191 - (92 + -56 + 71).
84
What is -47 + (0 - -2) - (266 - (406 - 127))?
-32
What is -2 + -82 + 60 - -59?
35
(-4 + 17 - -2) + (-41 + -68 - -86)
-8
29 + -2 + -10 + (-7 - 17) + -10
-17
2 - (7 + 6 + -3) - (-45 + 47)
-10
What is the value of 40 + (-13 - -38 - 30)?
35
Calculate 72 - (-59 + (123 - 56)).
64
What is the value of (52 - 17) + -101 - -36 - -142?
112
What is the value of (6 - (10 + -8)) + 1 + -1 + -18 - 0?
-14
(-28 - (-54 - 48)) + -122
-48
Calculate 4 - (0 + -3 + (-13 - -20) + 22) - -5.
-17
0 - ((25 - 9 - 20) + 15) - (-62 + 8)
43
What is 2416 + -2374 + -29 + 2?
15
-14 - (3 - (-12 + (15 - -5) - 18))
-27
Evaluate 6 + -21 + -1 + (20 - 10) + 5.
-1
Calculate -176 + 129 - (-181 + 124).
10
Calculate (384 - 279) + -144 - (66 - 0).
-105
What is 2 + 47 + -25 + -27 + 2?
-1
Calculate (-2 - -21) + -9 + -65 + 34.
-21
What is -8 - 10 - ((48 - 40) + -40)?
14
Evaluate -11 + 11 - (7 + (12 - (-7 - (-6 + -8)))).
-12
(32 - (22 - -27)) + 17
0
What is the value of 68 - 142 - -43 - -110?
79
Evaluate (14 - (4 - 2)) + (-47 - (-45 + 44)).
-34
What is the value of 22 + -27 + -5 + (-30 - 13)?
-53
Calculate 2 + 62 - (-915 + 983).
-4
What is the value of -12 - (-40 + (-48 - -79))?
-3
What is -88 + 62 + -11 + -9?
-46
1 + (-49 - -40) + -39
-47
Evaluate -13 + 11 + -26 + (25 - 22).
-25
Evaluate 8 - (-15 + 22 + 15 + -4).
-10
Evaluate -11 + 5 - (13 - (21 - 29)).
-27
Calculate -6 + (-9 - (13 + -14 - (6 + 3))).
-5
What is the value of (8 - 2) + 0 + -2 + (3 - (12 + -10))?
5
What is 119 + (-14 + -22 - 21) + (-18 - -1)?
45
What is (-1 - -9) + (12 - 5) + -11 - (296 - 192)?
-100
111 + -70 - (7 + 6 + -12 + -3)
43
What is the value of (-4 + 1 - (-27 + (-12 - -33))) + -31?
-28
(-4 + 92 - ((13 - -6) + -2)) + -11
60
-23 - (-32 - -80) - -5
-66
(51 - 16 - 68) + (-29 - -44)
-18
Evaluate (15 + -6 - (-31 + 25)) + 40.
55
What is -5 + 12 - (-26 - (2 - 10 - 1))?
24
Calculate 4 + -3 - 30 - (-203 - -202) - -13.
-15
What is the value of -5 + 1 + 4 + -3 + -1022 + 955?
-70
What is the value of -2 + 28 + -4 + (5 - 1 - (196 + -191))?
21
What is (-1 - (-8 - 10 - -76)) + -9?
-68
What is -1 + 3 - (-61 + (-8 - 2 - 2 - -25))?
50
What is 13 + -50 - (-84 - -87) - (1 + -12)?
-29
What is -35 - -38 - (-44 + -7)?
54
What is the value of 31 + (-31 - 10) + 0 - (-43 + -2)?
35
(-17 - 1) + (37 + -15 + 1 - 19)
-14
Calculate -9 + 17 - 2 - (23 + -1 + 96 + -88).
-24
What is (8 + -5 - -19) + -50 + 1?
-27
What is the value of 1 + 18 + (-471 - -456) - (1 - 1)?
4
What is the value of (6 - -1) + -28 + 6 + -5 + 10?
-10
-3 + 3 + -1 + -8 - (299 + -352)
44
What is the value of (-19 - -9) + (12 + (3 - 9) - 2)?
-6
Calculate (20 + (-17 - -8) - 10) + 8 + -9 - 3.
-3
Evaluate -11 + (-6 - -2) - (-6 - (4 + -2)).
-7
Calculate 3 + -29 + -3 + 62.
33
What is 119 + (-45 - 48) + -15?
11
21 + (-17 - 22) + 23 + -2
3
Calculate 9 + (4 - 166) + 56.
-97
What is the value of -2 + 31 + 2451 + -2516?
-36
Evaluate -11 + -17 + 27 - -35 - (3 + 6).
25
(-9 - (7 + (-2 - 5))) + (-6 - (-16 - -65))
-64
(-128 - -33 - -42) + 38
-15
What is the value of -10 + (-98 + -9 - (-17 + 3)) - 4?
-107
Evaluate 29 - 46 - -91 - (6 + 1).
67
What is the value of 85 + -70 + 5 + -13?
7
What is the value of -29 + -6 + (-11 - -11) - (11 + -3)?
-43
(108 - -5) + (69 - 89) + -5 - -17
105
Calculate -8 + (-4 - 1) + (3 - (7 + -31)) - 35.
-21
What is (1 - (22 - (-9 + 14))) + (105 - -18)?
107
What is the value of 145 + -87 + 2 + -19 + 1?
42
-6 + 7 + (74 - 61 - (-42 + -1))
57
Evaluate 121 + -152 + 49 + 13 + -1 + -1.
29
Calculate -1 + 61 - (609 + -635).
86
What is the value of -32 + 2 + -6 + 9 + -51?
-78
What is 94 + -138 - (-128 - -54)?
30
What is the value of (29 - 19 - -2) + -20 - -1?
-7
What is the value of -106 - -36 - (4 + -139)?
65
What is the value of -56 + -3 + (32 - 26) + 5?
-48
Evaluate -48 + 15 + -17 + 27 + -6 + -8.
-37
Evaluate 10 + (15 - (0 - -2) - ((45 - 155) + 64)).
69
What is the value of (-74 - -81 - (23 + -2 + -5)) + 135?
126
Calculate 708 - 599 - (141 - -25).
-57
What is the value of 86 + -45 + 7 - 82?
-34
-110 + (39 + 30 - -63)
22
What is the value of -14 + (-18 - (9 + -3)) - 